{"id":123,"date":"2020-05-13T21:30:19","date_gmt":"2020-05-13T19:30:19","guid":{"rendered":"http:\/\/cafe-kauz.de\/?page_id=123"},"modified":"2024-12-02T08:28:12","modified_gmt":"2024-12-02T07:28:12","slug":"herzlicwillkommen","status":"publish","type":"page","link":"https:\/\/cafe-kauz.de\/","title":{"rendered":"Herzlich Willkommen"},"content":{"rendered":"<p><span style=\"font-family: arial, helvetica, sans-serif;\">Hallo liebe G\u00e4ste,<\/span><\/p>\n<p><span style=\"font-family: arial, helvetica, sans-serif;\">ihr habt die Web-Pr\u00e4senz des Caf\u00e9 Kauz erreicht, welches das Schwester-Caf\u00e9 unseres mobilen Kaffeedreirads <strong><a href=\"http:\/\/www.cafe-hibou.de\">Caf\u00e9 Hibou<\/a><\/strong> ist. Auch hier bieten wir leckere Kaffeespezialt\u00e4ten von Espresso bis zu &#8222;Cold Brew Coffee&#8220;.<br \/>\n<\/span><\/p>\n<p><span style=\"font-family: arial, helvetica, sans-serif;\">Unser Caf\u00e9 befindet sich in Esslingen am Neckar und ist unter folgender Adresse zu finden:<\/span><\/p>\n<h6><span style=\"font-family: arial, helvetica, sans-serif;\">Caf\u00e9 Kauz<\/span><br \/>\n<span style=\"font-family: arial, helvetica, sans-serif;\"> Bahnhofstr. 32<\/span><br \/>\n<span style=\"font-family: arial, helvetica, sans-serif;\"> 73728 Esslingen am Neckar<\/span><\/h6>\n<p>&nbsp;<\/p>\n<p><span style=\"font-family: arial, helvetica, sans-serif;\">W\u00e4hrend der ganzen Woche bieten wir <strong>selbstgebackene Kuchen<\/strong> in traditionell und auch vegan an.<\/span><\/p>\n<p><span style=\"font-family: arial, helvetica, sans-serif;\">Nat\u00fcrlich bekommen Sie unsere Kaffeespezialit\u00e4ten ebenfalls <strong>auch zum Mitnehmen<\/strong>, wenn es etwas Leckeres f\u00fcr unterwegs sein soll.<\/span><\/p>\n<h6><span style=\"font-family: arial, helvetica, sans-serif;\">Unsere vorl\u00e4ufigen \u00d6ffnungszeiten sind:<\/span><\/h6>\n<table style=\"width: 100.812%; height: 189px;\">\n<tbody>\n<tr style=\"height: 15px;\">\n<td style=\"height: 15px; width: 70.7698%; vertical-align: middle;\">\n<h6><span style=\"font-family: arial, helvetica, sans-serif;\">Mo Ruhetag<\/span><\/h6>\n<\/td>\n<td style=\"height: 15px; width: 105.762%; vertical-align: middle;\"><span style=\"font-family: arial, helvetica, sans-serif;\">&nbsp;<\/span><\/td>\n<\/tr>\n<tr style=\"height: 15px;\">\n<td style=\"height: 15px; width: 70.7698%; vertical-align: middle;\">\n<h6><span style=\"font-family: arial, helvetica, sans-serif;\">Di, Mi, Do, Fr<\/span><\/h6>\n<\/td>\n<td style=\"height: 15px; width: 105.762%; vertical-align: middle;\">\n<h6><span style=\"font-family: arial, helvetica, sans-serif;\">09:00 &#8211; 17:00 Uhr<\/span><\/h6>\n<\/td>\n<\/tr>\n<tr style=\"height: 15px;\">\n<td style=\"height: 15px; width: 70.7698%; vertical-align: middle;\">\n<h6><span style=\"font-family: arial, helvetica, sans-serif;\">An Marktagen (Mi,Sa) entweder mit Caf\u00e9 Hibou auf dem Markt oder Caf\u00e9 Kauz fr\u00fcher ge\u00f6ffnet<\/span><\/h6>\n<\/td>\n<td style=\"height: 15px; width: 105.762%; vertical-align: middle;\">\n<h6><span style=\"font-family: arial, helvetica, sans-serif;\">ab 7 Uhr<\/span><\/h6>\n<\/td>\n<\/tr>\n<tr style=\"height: 55px;\">\n<td style=\"width: 70.7698%; vertical-align: middle; height: 55px;\">\n<h4>Sonn- und Feiertags<\/h4>\n<\/td>\n<td style=\"width: 105.762%;\">\n<h6>11:00 &#8211; 17:00 Uhr<\/h6>\n<\/td>\n<\/tr>\n<\/tbody>\n<\/table>\n<p><span style=\"font-family: arial, helvetica, sans-serif;\">Leider k\u00f6nnen wir keine Tischreservierungen erm\u00f6glichen. Dies ist leider der geringen Gr\u00f6\u00dfe unsers Caf\u00e9s geschuldet. Wir bitten um Ihr Verst\u00e4ndnis.<\/span><\/p>\n","protected":false},"excerpt":{"rendered":"<p>Hallo liebe G\u00e4ste, ihr habt die Web-Pr\u00e4senz des Caf\u00e9 Kauz erreicht, welches das Schwester-Caf\u00e9 unseres mobilen Kaffeedreirads Caf\u00e9 Hibou ist. Auch hier bieten wir leckere Kaffeespezialt\u00e4ten von Espresso bis zu &#8222;Cold Brew Coffee&#8220;. Unser Caf\u00e9 befindet sich in Esslingen am Neckar und ist unter folgender Adresse zu finden: Caf\u00e9 Kauz Bahnhofstr. 32 73728 Esslingen am &hellip; <\/p>\n<p class=\"link-more\"><a href=\"https:\/\/cafe-kauz.de\/\" class=\"more-link\"><span class=\"screen-reader-text\">\u201eHerzlich Willkommen\u201c <\/span>weiterlesen<\/a><\/p>\n","protected":false},"author":1,"featured_media":0,"parent":0,"menu_order":0,"comment_status":"closed","ping_status":"closed","template":"","meta":{"ngg_post_thumbnail":0,"footnotes":""},"class_list":["post-123","page","type-page","status-publish","hentry"],"_links":{"self":[{"href":"https:\/\/cafe-kauz.de\/index.php?rest_route=\/wp\/v2\/pages\/123","targetHints":{"allow":["GET"]}}],"collection":[{"href":"https:\/\/cafe-kauz.de\/index.php?rest_route=\/wp\/v2\/pages"}],"about":[{"href":"https:\/\/cafe-kauz.de\/index.php?rest_route=\/wp\/v2\/types\/page"}],"author":[{"embeddable":true,"href":"https:\/\/cafe-kauz.de\/index.php?rest_route=\/wp\/v2\/users\/1"}],"replies":[{"embeddable":true,"href":"https:\/\/cafe-kauz.de\/index.php?rest_route=%2Fwp%2Fv2%2Fcomments&post=123"}],"version-history":[{"count":14,"href":"https:\/\/cafe-kauz.de\/index.php?rest_route=\/wp\/v2\/pages\/123\/revisions"}],"predecessor-version":[{"id":194,"href":"https:\/\/cafe-kauz.de\/index.php?rest_route=\/wp\/v2\/pages\/123\/revisions\/194"}],"wp:attachment":[{"href":"https:\/\/cafe-kauz.de\/index.php?rest_route=%2Fwp%2Fv2%2Fmedia&parent=123"}],"curies":[{"name":"wp","href":"https:\/\/api.w.org\/{rel}","templated":true}]}}